Let d be (1 - 0) + -1 + 2. Suppose 0 = -3*l + d*l + 11. Calculate the remainder when n is divided by l.
9
Suppose 22*a = 17*a + 15. Let y(f) = -f. Let r be y(-5). Let m = r - -11. What is the remainder when m is divided by a?
1
Let t = -1388 - -1404. What is the remainder when 621 is divided by t?
13
Suppose 4 = 7*l - 2*l - 4*u, -2*l = -5*u + 12. Suppose -5*b + 27 = -3*j - b, -l*b = -12. Let r = j + 9. What is the remainder when 5 is divided by r?
1
Let s(a) = -2*a**3 + 8*a**2 + 2*a + 7. What is the remainder when s(4) is divided by 9?
6
Let p(n) = 5*n + 3*n**2 - 2 - 7*n + 0*n**2. What is the remainder when p(-1) is divided by 12/(-9)*3/(-2)?
1
Let u = -56 - -86. What is the remainder when u is divided by 10?
0
Let j = -3 + 1. Let p(l) be the second derivative of l**4/4 + 2*l**3/3 + 3*l**2/2 + 11*l. Calculate the remainder when p(j) is divided by 2.
1
Suppose -5*h = 2*a - 45, a - 3*h = -3*a + 103. Let v = -124 - -131. Calculate the remainder when a is divided by v.
4
Suppose -5*q = -52 + 2. Suppose -q - 23 = 3*p. Let f = p - -27. Calculate the remainder when 30 is divided by f.
14
Suppose -96 = -4*s - 5*m, -3*s + 18 = -m - 54. Suppose d - s + 3 = 0. What is the remainder when d is divided by 13?
8
Let h = 10 + 7. Suppose 4*l - h + 58 = c, c + 5*l = 14. Calculate the remainder when c is divided by 15.
14
Suppose -5*l + 4*n + 6 = 2*n, -9 = -3*l + 3*n. Suppose l = 2*y + y - 138. Suppose y - 15 = i. Calculate the remainder when i is divided by 11.
9
Let o = -35 - -82. Let g(u) = -38*u**2 - 1. Let c be g(-1). Let q = 55 + c. What is the remainder when o is divided by q?
15
Let v = -67 + 78. Suppose -24 + 134 = v*n. Calculate the remainder when 9*2 + (-1 - 0) is divided by n.
7
Let c = 108 - 103. Suppose 5*o = -c, 4*s - 4*o - 27 = -9*o. Calculate the remainder when s is divided by 5.
3
Suppose 4*c = 4 + 4, -5*p = -3*c - 479. Suppose -11*x = -35 - p. Let j = -49 + 70. Calculate the remainder when j is divided by x.
9
Let s = -565 - -760. What is the remainder when s is divided by 33?
30
Let j(i) = -3*i - 2*i**3 + 3*i**2 + 4*i**3 + 2 - 5*i**2. Let x be (-1)/7 + 60/28. What is the remainder when 19 is divided by j(x)?
3
Let y(p) = -2*p**2 - 2*p - 2. Let u be y(-1). What is the remainder when u + (-314)/(3 + -5) is divided by 39?
38
Let c(b) = b**3 + 19*b**2 - 2*b - 32. Calculate the remainder when c(-16) is divided by 14.
12
Let c(b) = 15*b + 8. Let o = 5010 + -4990. Calculate the remainder when c(6) is divided by o.
18
Let m be (0 + -2)/((-1)/(2/2)). Let x(o) = 2*o**3 - o**2 - 3*o + 2. What is the remainder when 46 is divided by x(m)?
6
Suppose 0 = 5*g + 3*g - 232. Calculate the remainder when 113 is divided by g.
26
Let m = -1753 - -1805. What is the remainder when 88 is divided by m?
36
Suppose -5*t = 2*q - 345, -25*t + 23*t - 527 = -3*q. What is the remainder when q is divided by 93?
82
Suppose 71 - 23 = 3*w - i, 2*w = -i + 27. Let s(z) = -z**2 + 14*z + 14. What is the remainder when s(10) is divided by w?
9
Let b be 15/((2 + -4)*(-9)/12). Let x = b + -5. What is the remainder when 23 is divided by x?
3
Calculate the remainder when 183 is divided by (12/(-8))/(2/(372/(-9))).
28
Suppose 2*y - 6*n - 184 = -10*n, -5*n - 5 = 0. Calculate the remainder when y is divided by 35.
24
Let k(d) be the third derivative of -d**5/60 + d**4/24 + 7*d**3/2 - 18*d**2. Calculate the remainder when k(0) is divided by 12.
9
Suppose -u + 2*u = -12. Calculate the remainder when (23/2)/((-3)/u) is divided by 16.
14
Suppose -47*r + 520 = -60*r. Let c be (12 - -1)*(1 - 2). Let p = c - r. What is the remainder when 107 is divided by p?
26
Let d be 15/6 - 1/2. Suppose r = 3*n + 19, 0 = 4*r - d*n - 63 + 27. Suppose 43*l + 152 = 51*l. Calculate the remainder when l is divided by r.
5
Let n(v) = -v**2 + 2*v + 2. Let l be n(0). Suppose 0 = -p + l*z + 6, p + 2*z = -2*z + 24. Calculate the remainder when 22 is divided by p.
10
Let f(u) = -2*u - 6. Calculate the remainder when (-416)/24*(-51)/68 is divided by f(-5).
1
Let f = -877 - -921. What is the remainder when 280 is divided by f?
16
Let u = -215 - -278. What is the remainder when 565 is divided by u?
61
Let p(g) = -g**2 - 10*g - 8. Let c = -38 - -69. What is the remainder when c is divided by p(-6)?
15
Let x(z) = z**2 + 8*z + 64. What is the remainder when x(-7) is divided by 16?
9
Suppose 0 = -4*b + 207 + 229. Let j = 393 + -265. Let l = j - 91. What is the remainder when b is divided by l?
35
Suppose 15 = -4*s + 9*s. Let o be 8/(-36) - 6/(-27). Suppose 2*x + 8*r = 3*r + 16, o = -x + s*r + 30. Calculate the remainder when 70 is divided by x.
16
What is the remainder when ((1696/(-6))/(-16))/((-1)/(-3)) is divided by 18?
17
Let b(v) = 3*v + 12. Let i be 0/(-3 + -1 + 6). Calculate the remainder when 20 is divided by b(i).
8
Suppose 3*d = 0, 0 = l + 5*d - d - 15. Calculate the remainder when (-6460)/(-90) - (-2)/9 is divided by l.
12
Let w = 24 + -8. Suppose 3*y - 39 = -5*b, -y - 2*b + 38 = 3*y. Suppose -2*h - v + 89 = 0, -5*v = -2*h + y + 111. What is the remainder when h is divided by w?
15
Let b(i) = 10*i + 4. Let a be b(4). Suppose 0 = -2*t + u - a, -3*t - 3*u = -0*t + 66. What is the remainder when 33 is divided by (-268)/t + (-6)/33?
9
Suppose 9*t - 188 = 127. Calculate the remainder when t is divided by 29.
6
Suppose -446 = -2*k - 4*m, -3*k + 645 = 2*m - 20. What is the remainder when k is divided by (-68)/442 - 730/(-13)?
53
Suppose 0 = -3*a - 5*n + 207, -2*a - 3*n + 122 = -5*n. What is the remainder when 1341 is divided by a?
61
Let k = 39 - -19. Let q = k + -28. What is the remainder when 88 is divided by q?
28
Let f(p) = p**3 + 9*p**2 - 4. Let u be f(-7). Suppose 80 = 3*o - u. Calculate the remainder when o is divided by 16.
10
Suppose 1 = 5*r - 4. Suppose 3*w + 3*y + 6 = 0, -2*w - 18*y + 20*y = -8. Calculate the remainder when w is divided by r.
0
Suppose -5*m + 0*u + u + 10 = 0, 0 = 4*m + 2*u - 8. Suppose m*a - 63 = -11. Let h = 33 - a. Calculate the remainder when 10 is divided by h.
3
Let p(v) = -13*v - 1. Let h be p(-5). Suppose 28*a - h = 24*a. Let x = -2 + a. Calculate the remainder when x is divided by 5.
4
Suppose -41 + 137 = 2*h. Suppose 4*c = 8*c - h. What is the remainder when 33 is divided by c?
9
What is the remainder when ((-48)/3)/((-13)/65) is divided by 28?
24
Suppose -3*g - 4*p = -61, 0*g = 4*g - 5*p - 133. Let u = -66 - -13. Let j = u + 159. What is the remainder when j is divided by g?
25
Let b = 10 + -7. Suppose -y - 4*y + w = -9, -2*y = -b*w - 14. Let j = 13 + y. Calculate the remainder when 41 is divided by j.
13
Suppose -5*f = -5*w - 10, -5*f = -4*f + w + 2. Suppose f*b + 36 = 4*b. What is the remainder when b is divided by 5?
4
Suppose -3*w - 12 = -0*w. Let i be (-21)/(-9) + w/(-6). Calculate the remainder when i - (5 + -2) - -48 is divided by 10.
8
Let v(c) = c**2 - 3*c + 2. Let b be v(3). Suppose -m = -3*p + 6, -3*p + 5*p = m + b. Calculate the remainder when 23 is divided by m.
5
Suppose -2*u = -u - p - 19, -42 = -2*u + 4*p. Suppose -5*f - 6 = -2*r, 4*r - f - 9 = r. Calculate the remainder when u is divided by r.
2
Let b = -38 + 39. Calculate the remainder when -1*(0 + b)*(-70)/14 is divided by 2.
1
Suppose -2*d + 7*d = -580. Let k = 22 + -76. Let i = k - d. Calculate the remainder when i is divided by 16.
14
Let x = 483 - 428. Calculate the remainder when 92 is divided by x.
37
What is the remainder when 3*19 + (46 - 43) is divided by 35?
25
Let t be 51/9 - (-4)/12. Let o = 26 + t. Suppose 3*z = 15, -4*a = 5*z - 200 - 205. Calculate the remainder when a is divided by o.
31
Suppose h + 4*h - 5 = 0. Calculate the remainder when 3/6 + 241/2 is divided by 26 - ((h - 0) + -6).
28
Suppose -4*f - 24 = -5*o, -2*o + 5*f - 7 = -5*o. What is the remainder when 41 is divided by o?
1
Let p(j) = 7*j**2 + 17*j - 122. Calculate the remainder when p(6) is divided by 17.
11
Let r = 48 - 82. Let b = r + 29. Let n = b + 14. Calculate the remainder when 17 is divided by n.
8
Suppose -4*x + 406 - 86 = -4*u, 4*u - 336 = -4*x. Calculate the remainder when 405 is divided by x.
77
Suppose 0 = 53*f - 43*f - 980. What is the remainder when f is divided by 15?
8
Let k = -76 + 141. What is the remainder when 153 is divided by (-1700)/(-65) + (-10)/k?
23
Let i(c) be the third derivative of c**5/60 - c**4/4 + 2*c**